 + 20. What is the tens digit of z?
1
Let g(a) = 2*a**2 - 10*a + 6. Let m be g(6). Suppose y = -3*q + 11, 4*y = 2 + m. What is the units digit of q?
2
Let v = 88 + -56. Suppose -2*i = -v - 16. What is the tens digit of i?
2
What is the tens digit of (460/(6 + -1))/2?
4
Suppose -10 = -2*w - 2*g, g = -4*w + 13 + 7. Suppose 0 = -5*v - t + 3*t + 30, v - 2*t = 14. Let b = w + v. What is the units digit of b?
9
Suppose -8 = -w - 0*w. Suppose w + 1 = -z. Let b = 16 + z. What is the units digit of b?
7
Suppose -5*v - 3 + 13 = 0. Let b = v - -2. What is the units digit of b?
4
Suppose 0 = -8*y + 3*y + j + 357, 3*y = -j + 219. Let l = -33 + y. Suppose -3*g + l = -2*q, -3*q + 33 = 3*g - 7*q. What is the tens digit of g?
1
Let u(s) = -s**3 + s. Let x(l) = l**2 + 12*l + 8. Let h be x(-11). What is the units digit of u(h)?
4
Suppose 2*y = 3*k - 510, -4*y = -2*k + 7*k - 850. What is the hundreds digit of k?
1
Let j = -1 + 3. Suppose -4*q = c - 4, -3*q - 6*c + j*c = -3. Let g(s) = 3*s + 1. What is the units digit of g(q)?
4
Let n = 55 - 39. Suppose 5*x = 4*x + n. What is the tens digit of x?
1
Let o be (-4)/1 + (2 - 1). Let y be 1*2/o*12. What is the units digit of ((-27)/6)/(6/y)?
6
Suppose -60 = -4*w + 4*q, 4*w = 5*w - 4*q - 21. Suppose 0 = -l + w + 1. What is the units digit of l?
4
Suppose 2*p - p - 47 = 2*x, 2*p - 99 = 5*x. What is the tens digit of p?
3
Suppose -6*l = -3*l - 51. What is the tens digit of l?
1
Let n = 28 + -26. What is the units digit of n?
2
Suppose 4*z = z + 30. Suppose 4*y - z = 38. What is the units digit of y?
2
Let w(v) = -7*v - 8. What is the tens digit of w(-11)?
6
Let a(g) be the second derivative of g**3/6 + g**2 + 2*g. Let b = 10 - 5. What is the units digit of a(b)?
7
Let u = 2 - 0. Suppose -5*h = 5*k + 10, -2*h - 6*k + u*k = 14. Suppose 0 = -h*t - 2*t + 50. What is the units digit of t?
0
Let y be ((-3)/(-3))/(-1 + 0). What is the units digit of 3/(-7 - y)*-2?
1
Suppose 24 = -4*b - 32. Let r = 20 + b. What is the units digit of r?
6
Let u be (-72)/8 - (4 - 1). What is the units digit of u/8*(-6 - -4)?
3
Let j = 229 - 116. What is the tens digit of j?
1
Let b = -32 - 66. Let j = b - -60. Let w = -22 - j. What is the tens digit of w?
1
Let o = -4 - -8. Suppose -4*n = -7*n - g + 9, o*n = 5*g + 12. What is the units digit of n?
3
What is the units digit of 1 - 6515/(-75) - (-2)/15?
8
Suppose 3*z - z - 2*n + 2 = 0, 5*z + 3*n = 35. Suppose z*k - 82 = 82. Suppose -5*q = -k - 4. What is the units digit of q?
9
Suppose -81 = 6*k - 9*k. What is the units digit of k?
7
Let d be (-16)/3*(-18)/8. Let t = 20 - d. What is the units digit of t?
8
Suppose 3*x + 1 = -4*u - 22, -5*x + 23 = -u. Let v = -2 - 0. What is the units digit of ((-6)/u)/(v/(-24))?
9
Let b = 17 - 9. Suppose -9 = -c + 6. Let d = c - b. What is the units digit of d?
7
Let p(y) = 2*y**2 - y**2 - 9 + y + 6*y - 2*y**2. Let j be p(6). What is the units digit of ((-10)/j)/((-6)/(-9))?
5
Suppose -d = 2*x - 15, 2*x - 18 = -2*d + x. Let o(g) = g**2 + 6*g - 6. Let h be o(-6). Let k = h + d. What is the units digit of k?
1
Let u(m) = -2*m + 2. Let j = 9 - 14. What is the tens digit of u(j)?
1
Suppose 2*r + 3 = -3*h - 2, -3 = 3*r. Let o be -4*(h + 0)/2. Suppose 0*z = -o*z + 4. What is the units digit of z?
2
Let x be -48 - (1 + 0 + -1). What is the tens digit of (-3 - -1) + x/(-3)?
1
Let u(n) = -4*n**2 + n - 1. Let v be u(1). What is the tens digit of -32*(3 - (-14)/v)?
1
Let d(u) = -6*u + 3. Let z be d(-4). What is the units digit of (-6)/z + 83/9?
9
Let c = -8 - -16. Suppose 22 = -5*r + x, 5*x - 30 = 5*r - 0*x. Let g = c + r. What is the units digit of g?
4
Suppose -2*b + 70 = l, 5*l + b + 0*b = 341. What is the tens digit of l?
6
Let q be 5/(-1)*(-26)/5. Suppose -3*z - 8 + q = 0. What is the units digit of z?
6
Suppose 4*s + 299 = 8*s - 3*h, 65 = s - 4*h. What is the tens digit of s?
7
Let h be (-1)/(-2) - 70/(-20). Suppose s - h = -3*s. Suppose 0 = -0*x + 5*x + 2*f - s, -3*x + f + 5 = 0. What is the units digit of x?
1
Suppose 0 = -i - 0*i + 32. What is the tens digit of i?
3
Let u(w) be the first derivative of 1/4*w**4 + 4/3*w**3 - 4*w - 7/2*w**2 + 2. What is the units digit of u(-5)?
6
Let q be 2/8 - 7/(-4). Let m(r) = 8*r - 13. Let w(s) = -2*s + 3. Let z(j) = -2*m(j) - 9*w(j). What is the units digit of z(q)?
3
Let z = 10 + 2. What is the tens digit of z?
1
Suppose 3*x = -f - 2*x + 13, -3*x - 93 = -5*f. Let o be 1 + f - (3 + 0). Let l = 34 - o. What is the units digit of l?
8
Let d be 0*(-3)/(-3) - -6. Suppose -2*u + 0 = -d. What is the units digit of u?
3
Let b be 4/((3/(-3))/(-6)). Suppose n = 2*f + 2*f - b, 2*n = 3*f - 18. What is the units digit of f?
6
Suppose 9*t - 4*t + x - 337 = 0, 0 = 3*t - 4*x - 193. What is the units digit of t?
7
Let u be 44/(-3)*(-9)/6. Suppose 0 = -p - 5*a + u, -2*p = 3*p + 5*a - 30. What is the units digit of 2 + 3 + -1 + p?
6
Suppose 5*k = -0*p + 5*p + 40, p = -5. Suppose 2*i = 1 - k. Let l(m) = 2*m**2 + 2*m + 1. What is the units digit of l(i)?
1
Suppose 15 = 5*p, -2*p + 75 = 3*t - 6*p. What is the units digit of t?
9
Let w be (140/(-16))/7*-4. What is the units digit of 55/2*4/w?
2
Let s be 2/(4/(-6)) + -4. Let g = s + -29. What is the units digit of g/9*(-1 + -3)?
6
Let q = -54 + 166. Let x = -16 + q. What is the units digit of 3/(4/(x/9))?
8
Let o = 18 - 14. Suppose -3*s + 127 = o*a, 2*a - 3*s - s = 58. What is the tens digit of a?
3
Let u(k) = -k**3 + 6*k**2 + 5*k + 10. Let b be u(7). Let d be -1*18*2/b. What is the units digit of 4/6*d/2?
3
Let j be (0 + -3)*(0 + -3). Suppose 0*g + 3*g + 2*f = j, -g + f + 8 = 0. Suppose -5*l = -3*l - 2*y - 16, -5*y - g = 2*l. What is the units digit of l?
5
Suppose -k - 4*k = -15. Suppose -t - 3*t = -k*n + 88, -2*t + 88 = 4*n. What is the tens digit of n?
2
Suppose -2*v + 119 = 5*h - 18, v = -4*h + 61. What is the tens digit of v?
8
Suppose -5*a + 4 = -3*a. Suppose 37 + 11 = a*z. What is the tens digit of z?
2
Suppose -3 = -5*g + 7. Suppose -5*t + 3*t = 0. What is the units digit of t - (g/1 + -10)?
8
Suppose -2*u + 76 = 2*o, 4*o + 5*u - 94 = 63. What is the tens digit of o?
3
Let y = 74 + -51. Suppose -3*f - c + 13 = 4*c, 3*c = f - y. What is the tens digit of f?
1
Suppose -3*y - 60 = 2*y. What is the tens digit of (15/(-9))/(1/y)?
2
Suppose -530 = -5*a + g, 3*g - 15 + 0 = 0. What is the hundreds digit of a?
1
Let c(z) = 4*z**3 - 3*z**2 + 7*z. Let m(x) = 7*x**3 - 6*x**2 + 13*x - 1. Let g(q) = -5*c(q) + 3*m(q). Let d be g(2). What is the units digit of 78/9 + d/3?
9
Let r(q) = 6*q**3 + 2*q**2 - q. Let a be r(1). Let h(o) be the second derivative of o**3/3 - o**2 + o. What is the units digit of h(a)?
2
Suppose 0 = -4*a - 0*a + 16, 0 = y - 3*a - 27. What is the units digit of y?
9
Let p = -6 - -3. Let n be ((0 - p) + 1)/2. What is the units digit of 4 + (1 - -1 - n)?
4
Let g = 8 - -21. Let l = g + -17. What is the units digit of l?
2
Suppose 10 = m - 12. Let c = m - -9. What is the units digit of c?
1
Let b(t) = t**3 + 5*t**2 + 4*t + 2. Let w be b(-4). Suppose w*o = 4*o. Suppose o = 5*r - 0*r - 45. What is the units digit of r?
9
Let d(l) = l**3 - 3*l**2 - 3*l - 2. Let o be d(4). Let u be (o - (2 + -13)) + -1. Suppose u = z + z. What is the units digit of z?
6
Let z(v) = v**2 + 3*v - 6. What is the tens digit of z(11)?
4
Let q be 142/8 + (-2)/(-8). Let y be (-2)/(-3)*q/(-12). What is the units digit of (y/(-3))/(2/12)?
2
Let h = -5 + 12. What is the units digit of 10/(-8)*(-112)/h?
0
Let a be 2/5 - (-1463)/(-95). Let m = 54 + a. What is the units digit of m?
9
Suppose 282 = 2*q - 2*l, 3*q - 451 = 3*l - 7*l. What is the tens digit of q?
4
Let b be ((-2)/3)/(1/(-3)). Suppose b*j + 5*p + 9 = 0, 5*j + 3*p = -0*j + 25. What is the units digit of j?
8
Suppose -5*c = 15, 5*c - 484 = -2*l + 51. What is the tens digit of l?
7
What is the units digit of (-64)/(-10) - (-6)/10?
7
Suppose 3*d - 93 = 3*g, -d + 43 = -2*g - 2*g. What is the tens digit of 696/d - 2/(-9)?
2
Let t be (-12)/(7/2 + -2). Let p = -6 - t. What is the units digit of (-32)/(-6) - p/6?
5
Let c be (-72)/(-42) - (-2)/7. Suppose k - 4*t + c*t - 5 = 0, k - 3*t - 6 = 0. What is the units digit of k?
3
What is the units digit of (-20)/16 - (-109)/4?
6
Let g(x) = -x**2 + 12*x - 3. Let m be g(9). Suppose m = n + 2*n. What is the units digit of n?
8
Sup